 - f + 3601 = 0. What are the prime factors of q?
2, 409
Suppose 43*f + 53064 = 3*p + 40*f, -p = f - 17686. List the prime factors of p.
23, 769
Let r be 0 - -1 - (-38 - 3). Suppose 12*y - 26 = 10. Suppose 5*u + 15 - 85 = 2*c, -3*u = y*c - r. What are the prime factors of u?
2, 7
Let j = -28 - -30. Suppose -4*o - 216 = 2*y + 204, -415 = j*y + 5*o. Let t = -100 - y. List the prime factors of t.
2, 3, 5
Suppose -21*m - 176 = -10*m. List the prime factors of -15*m/72*57.
2, 5, 19
Let a(b) = 4*b**3 + 3*b**2 - 49*b - 14. List the prime factors of a(14).
2, 7, 97
Let q(m) = -3*m**3 - 4*m**2 + 4*m - 5. Let n be q(-7). Suppose 56*i = 58*i - n. List the prime factors of i.
2, 5
Let x(o) = -32*o**2 + 5*o - 8. Let s(j) = j**2 - j + 1. Let u(n) = 6*s(n) + x(n). Let a be u(-1). What are the prime factors of (-2451)/a + 2/9?
7, 13
Let l = 1795 - 1150. Let y = l - 398. Suppose y = 4*s + 3*a + 40, 0 = -3*s - a + 149. List the prime factors of s.
2, 3
Suppose -75*t = -71*t - 16. Let d be (5 - t)*(-4 - -4). Suppose 3*r + d*r + 4*z - 30 = 0, 21 = r + 5*z. What are the prime factors of r?
2, 3
Let k(a) = -a**2 + 26*a - 31. Let w be k(24). What are the prime factors of w/(-51) - (-928)/12?
7, 11
Suppose -153*w + 2*o - 23020 = -158*w, -5*o = 3*w - 13812. What are the prime factors of w?
2, 1151
Let z be 79 + (6 - 5/1). Suppose 11*b = -z + 4810. What are the prime factors of b?
2, 5, 43
Suppose -13577 = -10*s + 16133. Suppose s = 13*a + 540. List the prime factors of a.
11, 17
Suppose -419825 + 33233 = -57*j + 40452. What are the prime factors of j?
2, 1873
Suppose 7 = -12*k + 1423. Let i = 277 + k. What are the prime factors of i?
5, 79
Suppose -4*i - 40 = -3*i. List the prime factors of 5/3*(-30)/i*360.
2, 3, 5
Let a(s) = s**3 + 2*s**2 - 7*s + 4. Let g be a(-4). Suppose -5*c = -5*y - 5, -4*y - 5*c + g*c = -32. Suppose 130 + 23 = y*h. List the prime factors of h.
3, 17
Let b(a) be the second derivative of a**4/6 - 2*a**3 - 175*a**2/2 - 163*a. List the prime factors of b(22).
23
What are the prime factors of (164/1558 - (-17)/19) + (36180 - 0)?
97, 373
Suppose -3*c - 9 = 0, 9*d + 2*c - 9748 = 7*d. What are the prime factors of d?
4877
Suppose 6*b + 2 = -3*v + 2*b, 3*v - 3*b = 12. Let j be 83 + 1 - 16/4. Suppose v*t = t + j. What are the prime factors of t?
2, 5
Let h = 573 - -284. Let r = h + -592. List the prime factors of r.
5, 53
Suppose 2620331 - 83307 = 541*o - 443*o. What are the prime factors of o?
2, 809
Let t = 4 - 1. Let u = t + -9. Let b = 17 - u. List the prime factors of b.
23
Let c be ((-1)/((-52)/(-195)))/(2/8). What are the prime factors of (-9066)/c + 28/(-70)?
2, 151
Let c(u) = 40*u**2 + 3*u + 44. Let k be c(-5). Let g = k - 663. List the prime factors of g.
2, 3, 61
Let u(h) = 2881*h**3 + 34*h**2 - 3*h - 2. What are the prime factors of u(2)?
2, 2897
Suppose 5*s + 2*j - 36488 = 0, -3 = -34*j + 37*j. What are the prime factors of s?
2, 41, 89
Let v be (120/(-35))/(((-4)/(-2))/6818). What are the prime factors of (1/4)/((-6)/v)?
487
Let y(d) = -1033*d + 2804. What are the prime factors of y(-36)?
2, 4999
Let u be -1*(-21)/(-35)*-730. Suppose -2*t - u = -4*b, b + t - 537 = -4*b. What are the prime factors of b?
2, 3
Suppose 0 = -16*v + 97951 - 26511. List the prime factors of v.
5, 19, 47
Let q(n) = -1010*n + 58. List the prime factors of q(-3).
2, 193
Let t(g) = -g**3 - 25*g**2 + 21*g + 42. Let c(y) = 6*y**3 + 126*y**2 - 106*y - 213. Let a(w) = -2*c(w) - 11*t(w). List the prime factors of a(22).
2, 3, 5
Let s be (-9)/((-9)/4) + -5. List the prime factors of (12865/(-25))/s + 4/10.
5, 103
Let y = 22 - 16. Suppose h - 10 + y = 0. Suppose -4*v + 2*r + 242 = 54, 0 = v - h*r - 47. What are the prime factors of v?
47
Let a(j) = j**3 - 96*j**2 + 214*j + 585. What are the prime factors of a(95)?
2, 5, 29, 41
Suppose 3*b = 2*w + 8714, 403*b - 2*w = 405*b - 5816. List the prime factors of b.
2, 1453
Let a = 115 + 6. Suppose 12*c - a = 11*c. List the prime factors of c.
11
Let t(g) = g**3 + 6*g**2 + g + 5. Let v be t(-6). Let j(a) = 8*a**2 - 130*a + 4. Let k be j(18). What are the prime factors of v - -2 - (13 - k)?
2, 61
Suppose -14 = -16*z + 194. Suppose 808 = z*l - 2715. List the prime factors of l.
271
Suppose -2019*i = -2007*i - 105108. List the prime factors of i.
19, 461
Let w(a) = -a - 1. Let r(d) = 20*d - 16. Let q(s) = -r(s) - 6*w(s). Let t(b) = b**2 + 9*b - 13. Let n be t(-10). List the prime factors of q(n).
2
Let g(b) = -b**3 - 8*b**2 + 6*b + 428. Let w(o) = o**3 + 8*o**2 - 7*o - 430. Let q(x) = 7*g(x) + 6*w(x). What are the prime factors of q(0)?
2, 13
Let y(a) = -10*a - 118. Let c be y(-10). List the prime factors of (-3)/((3/3516)/(3/c)).
2, 293
Suppose 3*i = -32*i + 40670. List the prime factors of (i - (-17 + 9)) + 3.
3, 17, 23
Let t(d) = d + 4. Let q be t(-1). Suppose -u - q*v = -139, 576 = 5*u - u + 2*v. What are the prime factors of u?
5, 29
Suppose -940 = -17*v - 889. Let r = -397 - -573. Suppose 0 = 4*c + 3*s - 178 - 45, 4*s = -v*c + r. What are the prime factors of c?
2, 13
Let n(a) = 203*a**2 + 77*a + 413. What are the prime factors of n(-6)?
7, 17, 61
List the prime factors of (-34)/102*(-238)/7*(630 - 0).
2, 3, 5, 7, 17
Let s(i) = 312*i**3 - 3*i**2 + 5*i + 7. List the prime factors of s(2).
41, 61
Suppose t - 95 = -4*c, -5*c = 4*t - 8*t - 103. Let m(o) = o**3 - 22*o**2 - 26*o + 71. List the prime factors of m(c).
2
Let v = -5 - -5. Let g(n) = n**3 - n + 1205. What are the prime factors of g(v)?
5, 241
Let s be 8/((-108)/(-45) + 2/(-5)). Let w = 97 - 121. List the prime factors of (-1)/s + (-5910)/w + -2.
2, 61
Let t(j) = j**3 - 12*j**2 - 18*j + 7. Let s be t(13). Let m = -51 - s. Suppose 0 = m*w - 0*w - 357. List the prime factors of w.
3, 17
Suppose 6*h = -29 + 53. Let x be 2*(-6885)/70 - h/14. Let z = -110 - x. List the prime factors of z.
3, 29
Let i be (1 + 0)*(-1679 - -10)/1. Let o = 2497 + i. What are the prime factors of o?
2, 3, 23
Let p = 45528 - 23460. List the prime factors of p.
2, 3, 613
Suppose m + 3*q + 2 - 15 = 0, -3*q = 5*m - 89. Suppose -3*x = -j + m, -4*j - 5*x - 25 = -5*j. What are the prime factors of j?
2, 5
Suppose -3*d - 4*d = -14. Suppose 0 = -d*y + b + 201, -3*y - 2*b + 98 = -2*y. List the prime factors of y.
2, 5
Let s be (8/24)/(1 + 1234/(-1236)). Let b = 376 + s. What are the prime factors of b?
2, 3, 97
Suppose -3*s = -0*s - 12. Suppose j - 4*l + 13 = 0, l - 27 = -j - 3*l. Suppose -89 = -s*p + j. List the prime factors of p.
2, 3
Let k(x) = 7*x**2 - 43*x - 71. Let g(i) = -3*i**2 + 21*i + 36. Let o(y) = -9*g(y) - 4*k(y). List the prime factors of o(-5).
2, 5
Suppose g - 29 = 3*z, 0 = -5*z + g + 23 - 72. Let k(o) = 13. Let j(m) = m. Let r(n) = -2*j(n) + k(n). List the prime factors of r(z).
3, 11
Let a(i) = 809*i - 1422. What are the prime factors of a(16)?
2, 7, 823
Let h(n) = -n**2 - 15*n - 43. Let p be h(-7). Suppose -290 = -p*g + 3558. What are the prime factors of g?
2, 37
Let q(b) = 2*b**3 + 40*b**2 - 45*b - 59. Let l be q(-21). Suppose -5*h + h = -8. Suppose -l*m + h = -230. List the prime factors of m.
2, 29
Let d(j) = -j**3 - 22*j**2 + 11*j. Let l be d(-22). Let w = l + 173. Let x = w - -145. What are the prime factors of x?
2, 19
Let o = 16051 + -13493. What are the prime factors of o?
2, 1279
What are the prime factors of ((-7838)/(-26))/(258/3354)?
3919
Let m(u) = 22*u**2 + 38*u - 823. What are the prime factors of m(-45)?
42017
Let c(r) be the second derivative of 18*r**2 + 38*r + 0 - 13/6*r**3. List the prime factors of c(-11).
179
Suppose 46*u = -27 + 257. Let v(b) = 13*b**2 - 6*b + 5. What are the prime factors of v(u)?
2, 3, 5
Let q(u) = 11*u**2 - 13*u - 10. Suppose -10 = -10*g + 12*g. What are the prime factors of q(g)?
2, 3, 5, 11
Suppose -5*n - 877 - 29035 = -3*k, 5*n + 59834 = 6*k. What are the prime factors of k?
2, 4987
Suppose -37*d + 115171 - 19193 = 0. List the prime factors of d.
2, 1297
Suppose 23*m - 29*m = -282. Suppose 3 = 3*p, 4*p = -j + m + 62. List the prime factors of j.
3, 5, 7
Suppose 9*s + 12960 = 49*s. Let i = 623 + s. What are the prime factors of i?
947
Let r = 37398 - 19351. List the prime factors of r.
18047
Suppose -312*w = -306*w - 8352. Let l = w + -57. What are the prime factors of l?
3, 5, 89
Let v(r) = 111*r**2 - 1. Let z be v(-1). Suppose -7*j + 17*j =